{"id":7,"date":"2015-08-13T09:16:01","date_gmt":"2015-08-13T08:16:01","guid":{"rendered":"http:\/\/test-install-prestashop.tk\/?page_id=7"},"modified":"2025-02-08T17:13:39","modified_gmt":"2025-02-08T16:13:39","slug":"le-meilleur-restaurant-lourdes","status":"publish","type":"page","link":"https:\/\/lougalinette.com\/?page_id=7","title":{"rendered":"About"},"content":{"rendered":"\n<figure class=\"wp-block-image aligncenter size-full\"><a href=\"https:\/\/lougalinette.com\/wp-content\/uploads\/2022\/06\/bandeau_boissons_728x90web.jpg\"><img fetchpriority=\"high\" decoding=\"async\" width=\"729\" height=\"91\" src=\"https:\/\/lougalinette.com\/wp-content\/uploads\/2022\/06\/bandeau_boissons_728x90web.jpg\" alt=\"\" class=\"wp-image-629\" srcset=\"https:\/\/lougalinette.com\/wp-content\/uploads\/2022\/06\/bandeau_boissons_728x90web.jpg 729w, https:\/\/lougalinette.com\/wp-content\/uploads\/2022\/06\/bandeau_boissons_728x90web-300x37.jpg 300w\" sizes=\"(max-width: 729px) 100vw, 729px\" \/><\/a><\/figure>\n\n\n\n<figure class=\"wp-block-image size-large\"><a href=\"https:\/\/lougalinette.com\/wp-content\/uploads\/2022\/05\/278861465_298613795791780_3980665426113890092_n.jpg\"><img decoding=\"async\" width=\"1024\" height=\"451\" src=\"https:\/\/lougalinette.com\/wp-content\/uploads\/2022\/05\/278861465_298613795791780_3980665426113890092_n-1024x451.jpg\" alt=\"\" class=\"wp-image-109\" srcset=\"https:\/\/lougalinette.com\/wp-content\/uploads\/2022\/05\/278861465_298613795791780_3980665426113890092_n-1024x451.jpg 1024w, https:\/\/lougalinette.com\/wp-content\/uploads\/2022\/05\/278861465_298613795791780_3980665426113890092_n-300x132.jpg 300w, https:\/\/lougalinette.com\/wp-content\/uploads\/2022\/05\/278861465_298613795791780_3980665426113890092_n-768x338.jpg 768w, https:\/\/lougalinette.com\/wp-content\/uploads\/2022\/05\/278861465_298613795791780_3980665426113890092_n-624x275.jpg 624w, https:\/\/lougalinette.com\/wp-content\/uploads\/2022\/05\/278861465_298613795791780_3980665426113890092_n.jpg 1448w\" sizes=\"(max-width: 1024px) 100vw, 1024px\" \/><\/a><\/figure>\n\n\n<p>CE SITE N\u2019UTILISE PAS DE COOKIES <br \/>SAS <br \/>LOU GALINETTE<br \/>Num\u00e9ro SIREN 829258706<br \/>Num\u00e9ro SIRET (si\u00e8ge) 82925870600037<br \/>Num\u00e9ro TVA Intracommunautaire FR58829258706<br \/>Activit\u00e9 (code APE \/ NAF)<br \/>5610A &#8211; Restauration traditionnelle<\/p>\n<p>Adresse<br \/>RUE DE LA GROTTE 65100 Lourdes<br \/>09 54 30 26 91<br \/>Compl\u00e9ment nom (adressage)<br \/>LE PASSAGE<\/p>\n<p>HERBERGE PAR LWS<br \/>Ordimag Lourdes<\/p>\n\n\n<p><\/p>\n","protected":false},"excerpt":{"rendered":"<p>CE SITE N\u2019UTILISE PAS DE COOKIES SAS LOU GALINETTENum\u00e9ro SIREN 829258706Num\u00e9ro SIRET (si\u00e8ge) 82925870600037Num\u00e9ro TVA Intracommunautaire FR58829258706Activit\u00e9 (code APE \/ [&hellip;]<\/p>\n","protected":false},"author":1,"featured_media":0,"parent":0,"menu_order":0,"comment_status":"open","ping_status":"open","template":"","meta":{"_uag_custom_page_level_css":"","site-sidebar-layout":"default","site-content-layout":"","ast-site-content-layout":"default","site-content-style":"default","site-sidebar-style":"default","ast-global-header-display":"","ast-banner-title-visibility":"","ast-main-header-display":"","ast-hfb-above-header-display":"","ast-hfb-below-header-display":"","ast-hfb-mobile-header-display":"","site-post-title":"","ast-breadcrumbs-content":"","ast-featured-img":"","footer-sml-layout":"","ast-disable-related-posts":"","theme-transparent-header-meta":"","adv-header-id-meta":"","stick-header-meta":"","header-above-stick-meta":"","header-main-stick-meta":"","header-below-stick-meta":"","astra-migrate-meta-layouts":"default","ast-page-background-enabled":"default","ast-page-background-meta":{"desktop":{"background-color":"var(--ast-global-color-5)","background-image":"","background-repeat":"repeat","background-position":"center center","background-size":"auto","background-attachment":"scroll","background-type":"","background-media":"","overlay-type":"","overlay-color":"","overlay-opacity":"","overlay-gradient":""},"tablet":{"background-color":"","background-image":"","background-repeat":"repeat","background-position":"center center","background-size":"auto","background-attachment":"scroll","background-type":"","background-media":"","overlay-type":"","overlay-color":"","overlay-opacity":"","overlay-gradient":""},"mobile":{"background-color":"","background-image":"","background-repeat":"repeat","background-position":"center center","background-size":"auto","background-attachment":"scroll","background-type":"","background-media":"","overlay-type":"","overlay-color":"","overlay-opacity":"","overlay-gradient":""}},"ast-content-background-meta":{"desktop":{"background-color":"var(--ast-global-color-4)","background-image":"","background-repeat":"repeat","background-position":"center center","background-size":"auto","background-attachment":"scroll","background-type":"","background-media":"","overlay-type":"","overlay-color":"","overlay-opacity":"","overlay-gradient":""},"tablet":{"background-color":"var(--ast-global-color-4)","background-image":"","background-repeat":"repeat","background-position":"center center","background-size":"auto","background-attachment":"scroll","background-type":"","background-media":"","overlay-type":"","overlay-color":"","overlay-opacity":"","overlay-gradient":""},"mobile":{"background-color":"var(--ast-global-color-4)","background-image":"","background-repeat":"repeat","background-position":"center center","background-size":"auto","background-attachment":"scroll","background-type":"","background-media":"","overlay-type":"","overlay-color":"","overlay-opacity":"","overlay-gradient":""}},"footnotes":""},"class_list":["post-7","page","type-page","status-publish","hentry"],"yoast_head":"<!-- This site is optimized with the Yoast SEO plugin v27.4 - https:\/\/yoast.com\/product\/yoast-seo-wordpress\/ -->\n<title>Alexandra By Le bon sens<\/title>\n<meta name=\"description\" content=\"Lourdes , Restaurant ,Vins , Lounge , ville de Lourdes , Sanctuaires , Hautes-Pyr\u00e9n\u00e9es , Lourdes 65100 , Cocktails , Bar a vins\" \/>\n<meta name=\"robots\" content=\"index, follow, max-snippet:-1, max-image-preview:large, max-video-preview:-1\" \/>\n<link rel=\"canonical\" href=\"https:\/\/lougalinette.com\/?page_id=7\" \/>\n<meta property=\"og:locale\" content=\"fr_FR\" \/>\n<meta property=\"og:type\" content=\"article\" \/>\n<meta property=\"og:title\" content=\"Alexandra By Le bon sens\" \/>\n<meta property=\"og:description\" content=\"Lourdes , Restaurant ,Vins , Lounge , ville de Lourdes , Sanctuaires , Hautes-Pyr\u00e9n\u00e9es , Lourdes 65100 , Cocktails , Bar a vins\" \/>\n<meta property=\"og:url\" content=\"https:\/\/lougalinette.com\/?page_id=7\" \/>\n<meta property=\"og:site_name\" content=\"Alexandra By Le bon sens\" \/>\n<meta property=\"article:modified_time\" content=\"2025-02-08T16:13:39+00:00\" \/>\n<meta property=\"og:image\" content=\"https:\/\/lougalinette.com\/wp-content\/uploads\/2022\/06\/bandeau_boissons_728x90web.jpg\" \/>\n\t<meta property=\"og:image:width\" content=\"729\" \/>\n\t<meta property=\"og:image:height\" content=\"91\" \/>\n\t<meta property=\"og:image:type\" content=\"image\/jpeg\" \/>\n<meta name=\"twitter:label1\" content=\"Dur\u00e9e de lecture estim\u00e9e\" \/>\n\t<meta name=\"twitter:data1\" content=\"1 minute\" \/>\n<script type=\"application\/ld+json\" class=\"yoast-schema-graph\">{\"@context\":\"https:\\\/\\\/schema.org\",\"@graph\":[{\"@type\":\"WebPage\",\"@id\":\"https:\\\/\\\/lougalinette.com\\\/?page_id=7\",\"url\":\"https:\\\/\\\/lougalinette.com\\\/?page_id=7\",\"name\":\"Alexandra By Le bon sens\",\"isPartOf\":{\"@id\":\"https:\\\/\\\/lougalinette.com\\\/#website\"},\"primaryImageOfPage\":{\"@id\":\"https:\\\/\\\/lougalinette.com\\\/?page_id=7#primaryimage\"},\"image\":{\"@id\":\"https:\\\/\\\/lougalinette.com\\\/?page_id=7#primaryimage\"},\"thumbnailUrl\":\"https:\\\/\\\/lougalinette.com\\\/wp-content\\\/uploads\\\/2022\\\/06\\\/bandeau_boissons_728x90web.jpg\",\"datePublished\":\"2015-08-13T08:16:01+00:00\",\"dateModified\":\"2025-02-08T16:13:39+00:00\",\"description\":\"Lourdes , Restaurant ,Vins , Lounge , ville de Lourdes , Sanctuaires , Hautes-Pyr\u00e9n\u00e9es , Lourdes 65100 , Cocktails , Bar a vins\",\"inLanguage\":\"fr-FR\",\"potentialAction\":[{\"@type\":\"ReadAction\",\"target\":[\"https:\\\/\\\/lougalinette.com\\\/?page_id=7\"]}]},{\"@type\":\"ImageObject\",\"inLanguage\":\"fr-FR\",\"@id\":\"https:\\\/\\\/lougalinette.com\\\/?page_id=7#primaryimage\",\"url\":\"https:\\\/\\\/lougalinette.com\\\/wp-content\\\/uploads\\\/2022\\\/06\\\/bandeau_boissons_728x90web.jpg\",\"contentUrl\":\"https:\\\/\\\/lougalinette.com\\\/wp-content\\\/uploads\\\/2022\\\/06\\\/bandeau_boissons_728x90web.jpg\",\"width\":729,\"height\":91},{\"@type\":\"WebSite\",\"@id\":\"https:\\\/\\\/lougalinette.com\\\/#website\",\"url\":\"https:\\\/\\\/lougalinette.com\\\/\",\"name\":\"Alexandra By Le bon sens\",\"description\":\"Alexandra By Le bon sens\",\"potentialAction\":[{\"@type\":\"SearchAction\",\"target\":{\"@type\":\"EntryPoint\",\"urlTemplate\":\"https:\\\/\\\/lougalinette.com\\\/?s={search_term_string}\"},\"query-input\":{\"@type\":\"PropertyValueSpecification\",\"valueRequired\":true,\"valueName\":\"search_term_string\"}}],\"inLanguage\":\"fr-FR\"}]}<\/script>\n<!-- \/ Yoast SEO plugin. -->","yoast_head_json":{"title":"Alexandra By Le bon sens","description":"Lourdes , Restaurant ,Vins , Lounge , ville de Lourdes , Sanctuaires , Hautes-Pyr\u00e9n\u00e9es , Lourdes 65100 , Cocktails , Bar a vins","robots":{"index":"index","follow":"follow","max-snippet":"max-snippet:-1","max-image-preview":"max-image-preview:large","max-video-preview":"max-video-preview:-1"},"canonical":"https:\/\/lougalinette.com\/?page_id=7","og_locale":"fr_FR","og_type":"article","og_title":"Alexandra By Le bon sens","og_description":"Lourdes , Restaurant ,Vins , Lounge , ville de Lourdes , Sanctuaires , Hautes-Pyr\u00e9n\u00e9es , Lourdes 65100 , Cocktails , Bar a vins","og_url":"https:\/\/lougalinette.com\/?page_id=7","og_site_name":"Alexandra By Le bon sens","article_modified_time":"2025-02-08T16:13:39+00:00","og_image":[{"width":729,"height":91,"url":"https:\/\/lougalinette.com\/wp-content\/uploads\/2022\/06\/bandeau_boissons_728x90web.jpg","type":"image\/jpeg"}],"twitter_misc":{"Dur\u00e9e de lecture estim\u00e9e":"1 minute"},"schema":{"@context":"https:\/\/schema.org","@graph":[{"@type":"WebPage","@id":"https:\/\/lougalinette.com\/?page_id=7","url":"https:\/\/lougalinette.com\/?page_id=7","name":"Alexandra By Le bon sens","isPartOf":{"@id":"https:\/\/lougalinette.com\/#website"},"primaryImageOfPage":{"@id":"https:\/\/lougalinette.com\/?page_id=7#primaryimage"},"image":{"@id":"https:\/\/lougalinette.com\/?page_id=7#primaryimage"},"thumbnailUrl":"https:\/\/lougalinette.com\/wp-content\/uploads\/2022\/06\/bandeau_boissons_728x90web.jpg","datePublished":"2015-08-13T08:16:01+00:00","dateModified":"2025-02-08T16:13:39+00:00","description":"Lourdes , Restaurant ,Vins , Lounge , ville de Lourdes , Sanctuaires , Hautes-Pyr\u00e9n\u00e9es , Lourdes 65100 , Cocktails , Bar a vins","inLanguage":"fr-FR","potentialAction":[{"@type":"ReadAction","target":["https:\/\/lougalinette.com\/?page_id=7"]}]},{"@type":"ImageObject","inLanguage":"fr-FR","@id":"https:\/\/lougalinette.com\/?page_id=7#primaryimage","url":"https:\/\/lougalinette.com\/wp-content\/uploads\/2022\/06\/bandeau_boissons_728x90web.jpg","contentUrl":"https:\/\/lougalinette.com\/wp-content\/uploads\/2022\/06\/bandeau_boissons_728x90web.jpg","width":729,"height":91},{"@type":"WebSite","@id":"https:\/\/lougalinette.com\/#website","url":"https:\/\/lougalinette.com\/","name":"Alexandra By Le bon sens","description":"Alexandra By Le bon sens","potentialAction":[{"@type":"SearchAction","target":{"@type":"EntryPoint","urlTemplate":"https:\/\/lougalinette.com\/?s={search_term_string}"},"query-input":{"@type":"PropertyValueSpecification","valueRequired":true,"valueName":"search_term_string"}}],"inLanguage":"fr-FR"}]}},"uagb_featured_image_src":{"full":false,"thumbnail":false,"medium":false,"medium_large":false,"large":false,"1536x1536":false,"2048x2048":false},"uagb_author_info":{"display_name":"admin","author_link":"https:\/\/lougalinette.com\/?author=1"},"uagb_comment_info":0,"uagb_excerpt":"CE SITE N\u2019UTILISE PAS DE COOKIES SAS LOU GALINETTENum\u00e9ro SIREN 829258706Num\u00e9ro SIRET (si\u00e8ge) 82925870600037Num\u00e9ro TVA Intracommunautaire FR58829258706Activit\u00e9 (code APE \/ [&hellip;]","_links":{"self":[{"href":"https:\/\/lougalinette.com\/index.php?rest_route=\/wp\/v2\/pages\/7","targetHints":{"allow":["GET"]}}],"collection":[{"href":"https:\/\/lougalinette.com\/index.php?rest_route=\/wp\/v2\/pages"}],"about":[{"href":"https:\/\/lougalinette.com\/index.php?rest_route=\/wp\/v2\/types\/page"}],"author":[{"embeddable":true,"href":"https:\/\/lougalinette.com\/index.php?rest_route=\/wp\/v2\/users\/1"}],"replies":[{"embeddable":true,"href":"https:\/\/lougalinette.com\/index.php?rest_route=%2Fwp%2Fv2%2Fcomments&post=7"}],"version-history":[{"count":4,"href":"https:\/\/lougalinette.com\/index.php?rest_route=\/wp\/v2\/pages\/7\/revisions"}],"predecessor-version":[{"id":823,"href":"https:\/\/lougalinette.com\/index.php?rest_route=\/wp\/v2\/pages\/7\/revisions\/823"}],"wp:attachment":[{"href":"https:\/\/lougalinette.com\/index.php?rest_route=%2Fwp%2Fv2%2Fmedia&parent=7"}],"curies":[{"name":"wp","href":"https:\/\/api.w.org\/{rel}","templated":true}]}}